 (-1144)/(-2))*s/57 composite?
False
Let o(a) = a**3 + 6*a**2 + 2*a - 7. Let u be (-60)/(-4)*(-3)/9. Let d be o(u). Let k(v) = 93*v - 7. Is k(d) a prime number?
False
Suppose -11 = -4*y + i, 4*y + 3*i - 5 = -6. Let u be 10/15*(-3)/(-1). Suppose u*h = -y + 70. Is h a prime number?
False
Suppose h - 5*m - 23604 = 0, 3*m + 36183 = 2*h - 11032. Suppose -g = -6*g + 15, -2*p + h = 5*g. Is p prime?
False
Let k = -1506 + 3932. Suppose -k - 2630 = -2*f. Suppose -f = -4*b + 7396. Is b a prime number?
False
Suppose 72346 = a + 2*f, 6*f + 361746 = 5*a + 8*f. Suppose 250*j = 240*j + a. Is j a prime number?
False
Let r(f) = -4*f**2 + 6*f - 34. Let o(i) = -i**2 + i - 7. Let t(q) = -11*o(q) + 2*r(q). Let h(n) = -47*n + 665. Let m be h(14). Is t(m) prime?
True
Let k = -12 - 97. Let x = k + 107. Is (-2799)/(-18)*(-4)/x a composite number?
False
Let z = 5845 - 5839. Let d(o) = 649*o + 9. Let t be d(7). Suppose -4*n + z*q + t = q, 4*n - 4*q = 4548. Is n a composite number?
True
Suppose -8*c + 146489 = 10401. Is c a prime number?
True
Let p(l) = 11*l - 32. Let r be p(-10). Let t = 233 + r. Is t prime?
False
Let y(b) = b**3 + 26*b**2 - 29*b - 52. Let q be y(-27). Suppose x - q = 0, p + 9117 = 2*p + 2*x. Is p a composite number?
True
Let n be (1724/32)/1 - 2/(-16). Suppose 0 = 2*b + a - 117, b - 3*a + 8*a - n = 0. Is b a composite number?
False
Suppose 0 = 6*h - 2*h + 8. Let l be h/3 - (-10)/15. Suppose l = m - 2*m - 4*c + 399, 4*m + 5*c = 1574. Is m prime?
False
Suppose -4*v - 113 - 67 = 3*o, -5*o - 3*v - 300 = 0. Let w be ((-12)/o)/(1/10). Suppose 2*j + 5*m - 1873 = 0, 2*j - w*m = -3*j + 4639. Is j prime?
True
Let m = 914425 - 540786. Is m prime?
False
Suppose 2*q = 4*x - 3*q - 53028, q + 39771 = 3*x. Suppose -21*t = -12*t - x. Is t a composite number?
True
Is (-29 + 33)/(8/35654) a composite number?
False
Let a(i) = -i**3 - 14*i**2 - 13*i - 1. Let m be a(-13). Is 1 - (m + -1946 + 5) a prime number?
False
Let x(y) = 1145*y + 3508. Is x(5) a composite number?
True
Let u = 5 + -22. Let q = 12 + u. Is 1/(3*q/(-68505)) composite?
False
Let c(v) = -36*v**2 + 4*v - 28. Let k(x) = 9*x**2 - x + 7. Let q(l) = -2*c(l) - 9*k(l). Let r(i) = 18*i**2 - i + 14. Let w(m) = 5*q(m) + 3*r(m). Is w(-6) prime?
False
Let r(j) = -j**2 + j. Let c be r(-1). Let o(f) = -47 - 21 + 71 + 2*f + 314*f**2. Is o(c) composite?
True
Let t(x) = -4038*x**2 - 19 + 2017*x**2 + 8*x + 2030*x**2. Is t(4) a composite number?
False
Suppose -10*m + 55 = m. Suppose x - h + 2*h = -1, -x - m*h = 17. Suppose -5*b - 5*k + 1455 = 0, x*b - k - k - 863 = 0. Is b composite?
True
Let i = -6432 - -11002. Let w = -2306 + i. Suppose -3410 = -3*n - v, 3*n + 3*v - w = n. Is n a prime number?
False
Let v = 18 - 24. Let j be v/(-4) + 87/6. Suppose 51 - j = 5*c. Is c prime?
True
Is (((-149655064)/13)/(-8))/1 prime?
True
Suppose -3330*j = -3343*j + 752323. Is j composite?
True
Suppose -2*p - 6 = 0, -5*o + 4*o - 2*p + 367 = 0. Suppose -95 = 3*r - 8*r + 5*u, 0 = 5*r - 2*u - 104. Is o*-2*(-11)/r composite?
False
Let u(r) be the first derivative of 32 + 11/2*r**2 - r + 22/3*r**3. Is u(-8) prime?
True
Is (10/(-150)*-104455)/((-2)/(-6)) a prime number?
False
Let p(w) be the third derivative of 13*w**5/30 + w**4/6 + 19*w**3/6 + 3*w**2. Let f = 76 - 86. Is p(f) a composite number?
False
Let p(o) be the second derivative of -o**7/2520 - 11*o**6/360 - 9*o**5/40 + 7*o**4/12 + 5*o. Let j(q) be the third derivative of p(q). Is j(-14) composite?
True
Let s(y) = 3*y**2 + 39*y - 32. Let a be s(-15). Suppose a*x - 41*x - 138227 = 0. Is x prime?
False
Suppose 8*l - l + 175 = 0. Let j = -21 - l. Is ((-364)/(-16) + -2)*j composite?
False
Let x = 142146 + 368917. Is x a composite number?
True
Let i(y) = y**2 + 13*y + 16. Let s be i(-16). Suppose -5*d = s + 66. Let k = -5 - d. Is k a composite number?
True
Let o(z) = 3*z + 3. Let u be o(3). Let i(v) = v**3 - 13*v**2 + 12*v - 8. Let w be i(u). Is (-10452)/8*w/12 composite?
True
Suppose -10*j + 5*j + 220235 = 0. Is j a prime number?
False
Let r = -220 + 222. Suppose -5*o + 30985 = -5*t + r*t, -t - 6197 = -o. Is o a composite number?
False
Let y be (15/10 - (-32597)/(-2))/1. Let j = y - -32330. Is j a composite number?
False
Suppose 0 = -3*w - 5*l + 6892 - 1557, -5*w + 8904 = -4*l. Suppose 4*z = -0*z - 3*m + 7099, -m - w = -z. Is z a composite number?
False
Suppose 4*s + 44984 + 11933 = 3*f, -s - 1 = 0. Is f a prime number?
False
Let d = -106566 + 298201. Is d a composite number?
True
Suppose -4920590 = -2*k + 4384764. Is k composite?
False
Let r(c) = 4*c**2 - 85*c + 302. Is r(-83) a composite number?
False
Let h(s) = 3*s**2 + 6*s - 4. Let y be h(-3). Suppose -q - f = -7941, 3*f - 5*f - 39684 = -y*q. Is q/24 + (-2)/(-8) a prime number?
True
Is 708075 - 2 - (-311 + 305) a prime number?
False
Let g be (-2)/(-10) + (-1)/5. Suppose 5*s - 7*s + 2824 = g. Let z = s + 261. Is z prime?
False
Suppose 75*y - 74*y = -f + 99315, 4*y - f - 397270 = 0. Is y a prime number?
True
Let y = 220284 + 24887. Is y a prime number?
True
Let t(i) = 76*i**2 - 3*i - 22. Suppose 2*d = 3 - 17. Let z be t(d). Is (12/54 - 76/18) + z a prime number?
True
Suppose -u + 6 = -2*b, 3*b = 4*u + 2*b + 4. Let n be (10/12)/(u/(-12)). Suppose -4919 = -3*h + n*p, p + 2 = 4. Is h a composite number?
True
Suppose -3*f + 113877 = f + 5*s, 0 = -2*f - 4*s + 56946. Is f a prime number?
True
Suppose 17*f - 4*f + 5818328 = 14702229. Is f a composite number?
False
Suppose 5*s + 34 = 2*s + 5*p, 0 = -s + 2*p - 13. Let k be (-1 - -1629) + (-9)/s - -1. Suppose b - 418 = -m, 4*m - 4*b = -0*b + k. Is m a prime number?
False
Let b(l) = 42*l**2 - 57*l + 58. Is b(-69) a composite number?
False
Let q = -36526 + 191825. Is q composite?
False
Suppose -x + 60 = -5*x. Let h be (40/x)/((-2)/3). Suppose 4*l + h*y = 2*l + 306, l - 159 = -5*y. Is l a prime number?
True
Suppose 581*c - 554*c = 238086. Is c a prime number?
False
Let b(p) = 22023*p - 590. Is b(3) prime?
True
Let n be -1*(7 - 10) + 9. Is ((-159363)/n)/(21/(-28)) a prime number?
True
Suppose 56*y - 15086 = 22690730. Is y a composite number?
True
Let n be 8 + 104/(-12) + 17/3. Suppose -34557 = -3*l + n*r, 3*l - 36173 + 1616 = -r. Is l composite?
False
Let r = 245977 - -59040. Is r prime?
True
Let l = 206669 - -369318. Is l a prime number?
True
Let q(v) = -v**2 - 3*v + 16. Let m(d) = 6*d + 17. Let g be m(-4). Let s be q(g). Is 6/s + (-2799)/(-2) composite?
False
Let k = -181 - -301. Let q = k + -626. Let p = -283 - q. Is p prime?
True
Suppose -2*y + 7*y = 15, 5*p = 4*y + 13. Suppose -4*w + 1483 = u, 0 = -0*w - p*w - 4*u + 1851. Let s = 1810 - w. Is s composite?
False
Suppose 966 = -5*m + 5*d + 75621, 5*d - 25 = 0. Suppose 0 = -2*o - 4*p - 2978 + m, 0 = -2*o - 3*p + 11959. Is o a prime number?
True
Let n be -3 - 1/((-1)/(-42)*-2). Suppose -2*y - n = -6*y - m, -4*m = -3*y + 23. Suppose 4*c = -3*r + 1149, y*c - 4*r = -0*r + 1475. Is c prime?
False
Suppose 2*a = 58*a - 10063928. Is a a composite number?
True
Let p(r) = 265*r - 114. Let k be p(7). Let u = -952 + k. Is u composite?
True
Let n(u) = 23*u**2 - 31*u - 88. Let z be n(-26). Suppose -z = -3*g - x, -2*x + 704 = -g + 6133. Suppose -f = 3*w - 2704, 2*f + 6*w - 3*w = g. Is f prime?
True
Suppose -222*d = -948051 - 5865351. Is d prime?
False
Let v(q) = -q**2 - 11*q + 12. Let l = 8 - 19. Let g be v(l). Suppose 4*i = -g, i - 4114 = -2*s + 5*i. Is s a composite number?
True
Let j(s) = -4*s**2 - 16*s - 6 + 24*s + 3*s**2. Let y be j(4). Suppose 7*o - y*o + 7509 = 0. Is o a prime number?
True
Let b = 137 - 133. Suppose -b*c + 6*s + 4772 = 0, s - 4*s = 12. Is c a composite number?
False
Let y(k) = -114645*k - 461. Is y(-4) prime?
True
Let u be 1 - (-6 - (-5 + -2)). Suppose -21*l + 16*l + 645 = u. Is l composite?
True
Let d = 88 + -109. Is d/(-14)*110608/24 prime?
False
Let o(k) = -2545*k - 4377. Is o(-38) composite?
False
Suppose 0*i + 1631783 = 4*i + 5*t, 3*i + 2*t - 1223839 = 0. Is i prime?
True
Let t(v) = 1689*v - 166. Let n = -719 - -726. Is t(n) prime?
True
Suppose 5*d = 106892 + 112933. Let x = d + -28414. Is x composite?
False
Let q = 42522 - 19409. Is q a prime number?
False
Let d = -131 + 276. Suppose i = -9*t + 11*t + d, -2*t - 443 = -3*i. Is i a composite number?
False
Let m(k) be the first derivative of 11*k**4/4 + k**3/2 + 17*k**2/2 - 14*k - 29. Let s